ulate 7 - (4 + -7 + 5).
5
9 + 1 + -6 + 1
5
What is -8 - (5 + (4 - 9))?
-8
Calculate 0 - 7 - (-2 - (7 - 5)).
-3
Calculate (12 - 13) + -2 - (0 - 8).
5
Calculate -1 + -1 - (1 - 1).
-2
(0 - 9) + 4 + 3 - -3
1
What is 6 - 1 - ((-12 - -7) + 5)?
5
Calculate -1 - 1 - (-9 - -2).
5
Calculate (2 - -3) + (-3 - 2).
0
What is the value of -3 - 0 - (-2 + (-9 - -12))?
-4
What is the value of 0 - (4 + (1 - 3))?
-2
What is 2 + 7 + -4 - 4?
1
Evaluate 1 - (-1 + (-4 - -1)) - 1.
4
Evaluate -2 - ((-2 - 5) + 2).
3
-1 + 1 - (0 + 8 + -6)
-2
-9 - 2 - (11 + -21)
-1
Evaluate -2 - (-1 + 5) - (-2 - -1).
-5
-4 - (-4 + (-2 - -2))
0
Evaluate (-5 - -2) + 11 + (-11 - -9).
6
-169 + 163 + (-2 + 0 - -9)
1
-3 + (2 + 3 - -3)
5
What is (5 - 8 - -6) + (-1 - 4)?
-2
Evaluate 2 - (0 + 4 + -5).
3
23 - 27 - (1 - 6)
1
Calculate (6 - 1) + (-8 - -4).
1
Evaluate (7 - -1 - (-3 - -6)) + -3.
2
(0 - -1) + (1 - (-4 + 3))
3
Evaluate -2 - -2 - 6 - -2.
-4
8 + (11 + 1 - 13)
7
Calculate 11 - 19 - (-1 + -2).
-5
What is -5 + (7 - 2) + -5 + 0?
-5
8 + 1 + -7 + 2
4
What is the value of (3 - 1) + -3 + 2?
1
What is 2 - (1 + (-4 - -7))?
-2
Evaluate -1 + 6 - (1 - -6).
-2
What is (19 - 13) + -1 + -10?
-5
What is (13 - 13) + (3 - 2)?
1
What is 4 - 0 - (6 + -6)?
4
2 + -5 + (1 - 3)
-5
What is the value of 2 - -1 - (6 - 5)?
2
Calculate (6 - (-4 + 2)) + -2.
6
Evaluate -1 + 2 + -6 + (6 - 5).
-4
What is -3 + (4 - (2 - 0)) + -2?
-3
Calculate 1 - (8 + -18) - 6.
5
Calculate -12 - (-7 - -13 - 25).
7
What is the value of (5 - (0 - -3)) + (4 - 1)?
5
What is 1 + (-11 - -8 - (1 + 0))?
-3
What is (3 - 0) + (-4 - (1 + -7))?
5
3 + (-4 - 1) + (-3 - -1)
-4
What is (-5 - 7) + 22 - 7?
3
What is 11 - (12 + (14 - 6))?
-9
Evaluate -8 + -1 + 6 - -3.
0
Evaluate 1 + -3 - (4 + -9).
3
(6 - (-7 + 17)) + 1
-3
What is the value of (-105 - -115) + (-6 - 0)?
4
Calculate 9 - ((3 - -5) + 1).
0
Calculate -2 + 1 + 10 + -5.
4
Calculate -17 + (-6 - -18) + 0 + -3.
-8
What is 1 - ((6 - -1) + -2)?
-4
Evaluate (46 - 38) + (0 - 6).
2
3 + 2 + (0 - 3) + 3
5
What is 13 + -3 - (6 + -3)?
7
Calculate -4 - -5 - (-1 + -2).
4
(-3 - (13 + -6)) + 6
-4
1 + (0 - (6 - 4) - 1)
-2
Evaluate -1 - (-8 + -1 + (-51 - -56)).
3
22 + -29 + (0 - (-3 - 1))
-3
Evaluate 2 + -10 - (17 + -22).
-3
Calculate (-9 - 1) + 9 - -5.
4
Calculate -3 + 6 + -2 - 5.
-4
What is 25 + -25 - (2 + 1 + 1)?
-4
What is 4 + -1 + (21 - 19)?
5
What is the value of 3 - (-3 - (2 + -3) - -1)?
4
What is the value of 10 + -1 - (-55 + 59)?
5
What is -5 - ((4 - -3) + (-2 - 1))?
-9
What is the value of 1 + -3 + (3 - -3) + -5?
-1
-6 - (0 + -1 + 0)
-5
Calculate 4 + 0 - (-9 + 9 - -5).
-1
What is the value of 9 + -6 + 2 + 3 + -1?
7
What is the value of -7 - (-7 + -2 + -3)?
5
What is the value of 2 + (-4 - -4) + -1?
1
-4 + 4 + 4 + 1
5
What is the value of 2 - (14 - 3) - -8?
-1
What is -2 + (2 - -4 - 4) + -4?
-4
What is 38 + -14 - 15 - 18?
-9
Evaluate 19 - 7 - 17 - (-2 + 1).
-4
Calculate -3 + 1 + (5 + 1 - -1).
5
67 + -64 - (1 + 6 + 0)
-4
Evaluate 6 - (-5 + 6 + 7).
-2
Evaluate -5 + (-8 - -7) - -6.
0
What is 1 + 1 - (10 - 6) - -2?
0
Evaluate -12 + 14 + (1 + 3 - 2).
4
0 + (0 + -2 - (0 + 1))
-3
Calculate (-2 - -11 - 10) + -3.
-4
-3 - ((5 - 10) + 1)
1
-21 + 22 - (-1 - 10) - 4
8
Evaluate (-4 - -4) + (-2 - (-5 + 2)).
1
Evaluate 2 + 6 + -6 - 4.
-2
What is -9 + 2 - (-4 + 6 + -6)?
-3
Evaluate -4 - (-10 - (4 - 9)).
1
Calculate (15 - 10) + (0 - 2).
3
Evaluate 3 + 11 + -10 + -3 + -2.
-1
-7 - (1 + 6 + -11)
-3
Calculate 1 + (-3 - (-3 - -3)) + 6.
4
Calculate -5 + -2 + 4 + 3.
0
(-1 - (1 - 7)) + -11
-6
What is 9 + (-11 - (7 + -5))?
-4
What is the value of 3 + 3 + 1 + -4?
3
What is the value of -1 + -2 + (-8 - -10)?
-1
Evaluate -2 + (2 - (7 - 1) - -3).
-3
What is 1 - (2 + -4 + (2 - -1))?
0
Evaluate 3 - (2 + -7) - -2 - 4.
6
Evaluate -1 + 5 + -13 + 8.
-1
What is 5 + (1 + 0 - 4)?
2
Calculate 4 + (-2 - (0 + 1 + 0)).
1
-39 + 41 - (1 + 5)
-4
Evaluate (2 - (2 + -2)) + (-2 - 5).
-5
Calculate (2 - (-3 - 1)) + -3.
3
What is 88 + -88 + (-1 - 0 - -7)?
6
Evaluate -4 - (-1 + 1 + 0 + -2).
-2
Calculate 3 - 1 - 1 - (17 + -19).
3
What is the value of (-5 - 0) + (-3 + 5 - -2)?
-1
Evaluate 5 - ((1 - (4 - 7)) + -3).
4
What is -7 + 11 + -12 - -8?
0
-11 + 7 - (0 + (5 - 3))
-6
What is the value of -8 + 14 + 2 - 8?
0
What is the value of (5 - (1 + -3)) + -2?
5
What is the value of (8 - 2) + (1 - -1) - 1?
7
Evaluate (0 - -4) + -8 + 6 + -5.
-3
Calculate 5 - 1 - (10 + -4).
-2
What is -19 + (-7 - -9) + 7?
-10
Evaluate -75 - -76 - (1 - 0 - -1).
-1
What is 31 + -33 + (4 - 0)?
2
What is -1 - (1 + 0 - 2 - 0)?
0
What is -2 + (-4 - (-3 - -1))?
-4
What is -1 + -4 + 8 + 7?
10
-5 - ((1 - 3 - -2) + -6)
1
What is the value of 9 - (19 - 7) - -5?
2
What is the value of 6 - (4 + 0 + 2 + -4)?
4
Evaluate -3 + -1 + -3 + (-7 - -10).
-4
What is the value of (2 - (3 + 2)) + (5 - 7)?
-5
Evaluate 5 - -4 - 2 - (1 - -2).
4
Evaluate 2 + (3 + 4 - 10).
-1
What is -1 - (-1 - -4) - -3?
-1
What is the value of -2 - -10 - (-6 + 0 + 13)?
1
What is -1 + 2 + 1 - (72 + -73)?
3
What is the value of -6 + (6 - 5 - 0) + 9?
4
What is the value of 1 - -2 - (4 + -26 + 16)?
9
What is (-5 - (-3 - 1)) + 3?
2
Calculate 47 + -54 - (-3 + 3).
-7
What is the value of 5 + 15 + -6 + -15?
-1
Evaluate -3 + -2 + -2 - -8.
1
Calculate -10 - (2 + 0 - 9).
-3
What is the value of -55 + 52 - (2 - (2 + 1))?
-2
What is 4 + 1 - (-75 - -88)?
-8
What is the value of 3 + (-5 - (2 - (4 - -2)))?
2
Evaluate -2 + 4 + 2 - (10 + -3).
-3
What is 0 + 2 + 2 - (31 + -32)?
5
What is the value of 2 + (-9 - (-6 + -2))?
1
What is the value of -1 + 4 + 14 + -22?
-5
-1 + 7 + (-17 - -13)
2
Calculate -8 + (-10 - -14) + 6.
2
What is the value of 5 + (-6 - -3 - 5)?
-3
What is -1 + (-2 - -3) - (-24 - -30)?
-6
What is 1 - (6 + -10) - 11?
-6
-2 - -2 - (-1 + 5)
-4
(-3 - (4 + 0 + -2)) + 4
-1
Calculate -20 - (6 + -20) - (1 - -1).
-8
Calculate 4 + 0 + -2 + -4.
-2
Calculate -109 - -95 - (-1 + -2).
-11
Evaluate (-1 - (-2 - -3)) + (-2 - -9).
5
Evaluate (-9 + -1 - (25 + -32)) + 5.
2
Calculate 1 - 3 - (-12 + 11).
-1
Evaluate 8 - (-5 - -24) - -15.
4
Evaluate -2 + -1 - (5 + -9) - 7.
-6
Calculate (-7 - -5) + -5 - -2.
-5
10 + -3 + 2 + (55 - 61)
3
(-3 - -3) + 12 + -10
2
Calculate -13 + (-6 - (5 - 17)) + 12.
5
-12 - -3 - (5 + -9)
-5
Evaluate (-4 - 0 - -7) + -4.
-1
Calculate (44 - 48) + (-3 + 1 - -5).
-1
Evaluate -1 + 6 - (2 - (21 + -17)).
7
Calculate (11 - 8) + 5 - 12.
-4
What is the value of 6 + 6 + (-13 - -6)?
5
What is the value of (-2 - 1 - 0) + (-4 - -2)?
-5
Evaluate 12 - (3 + 11 - 7).
5
What is the value of (6 - -2 - -1) + -12?
-3
(3 - 9) + (3 - 0)
-3
What is -3 + (30 - 15) - 8?
4
Calculate -6 + -6 - -9 - (-8 + 4).
1
Evaluate 2 - ((2 - -1) + -4 + 1).
2
Evaluate -16 + 5 - (-11 + 8).
-8
Evaluate -1 + 8 - 8 - -4.
3
What is the value of (5 - 0) + 0 + -2 - 2?
1
Evaluate (0 - 0) + (2 - -2) + -8.
-4
Calculate 4 - (-4 + 1 - -3).
4
Calculate -3 + 6 + -1 + -1.
1
What is the value of 4 - (3 - (-4 + -7 + 8))?
-2
What is the value of 2 - (-5 - (0 + -3))?
4
What is the value of 195 + -204 - (-1 - 7)?
-1
Evaluate (10 - (2 + 1)) + -6.
1
(-2 - -1) + -1 + 1 + -4
-5
Calculate (-64 - -53) + -1 + 16.
4
Evaluate -2 + -3 + 2 + 4.
1
0 - 10 - (14 + -19)
-5
What is the value of 6 - 6 - (3 + 2)?
-5
What is the value of 2 + (1 - (4 - 2))?
1
Evaluate -1 + 9 - 26 - -10.
-8
What is -4 - ((5 - 2) + -2)?
-5
What is the value of 2 + -3 + -1 + -6 + 4?
-4
Evaluate 0 + 0 + -2 + 6 - 0.
4
Evaluate -27 - -22 - (-1 + -7).
3
Calculate (6 - -7 - 12) + 4.
5
Evaluate -2 - -2 - (3 - (1 - -3)).
1
Calculate 2 + -5 + 5 + -3 + 1.
0
1 - (4 - -2 - 5)
0
-9 - (-28 - -12) - 0
7
Evaluate 0 + 1 - (4 - 2).
-1
Calculate 10 - (7 + -5 - -3) - 9.
-4
Evaluate (-8 - -2 - 0) + 15 - 2.
7
What is the value of -76 + 75 + -3 + (-2 - 0)?
-6
Evaluate -2 + 3 - 2 - -4.
3
7 + (2 - 7) + 3
5
(1 - (5 - (4 + -1))) + 0
-1
(-1 - 0 - (-3 + -1)) + 1
4
What is the value of 8 + -6 - (-4 + -1 - -10)?
-3
-7 - (-6 + 7 + (-8 - -10))
-10
7 + (-7 - (-6 + 5))
1
Calculate 0 + 2 + -6 + 15 + -16.
-5
Calculate -9 + (5 - -7) - (0 - 1).
4
What is -2 + 7 - (-4 + 6)?
3
What is -1 - ((-9 - -13) + (2 - 6))?
-1
-6 - (-3 + -2 + -3)
2
What is the value of 13 - -2 - (17 + (9 - 20))?
9
Calculate (3 + -4 + -1 - -4) + 3.
5
Evaluate -2 + (0 - -1) - (-22 + 25).
-4
What is 1 - (-1 - (-2 + -2))?
-2
What is 1 + 6 - (20 - -2 - 24)?
9
-10 + (13 - (-14 - -21))
-4
What is -5 + (-3